at is the greatest common factor of 86117544 and 1224?
72
What is the highest common factor of 540 and 8948580?
60
Calculate the highest common divisor of 415041650 and 50.
50
Calculate the greatest common factor of 11125548 and 28084.
476
What is the highest common divisor of 52400 and 448000?
400
Calculate the greatest common divisor of 1802647 and 148379.
3157
Calculate the highest common divisor of 11465885 and 4753.
97
What is the greatest common divisor of 3026757 and 399?
57
Calculate the greatest common factor of 2213 and 39982271.
2213
What is the highest common divisor of 7 and 3520061503?
7
Calculate the highest common divisor of 176 and 22480.
16
Calculate the greatest common divisor of 220 and 1766180.
20
Calculate the greatest common divisor of 29047308 and 60.
12
Calculate the greatest common factor of 4613 and 5450589.
659
What is the greatest common factor of 10479 and 3717854889?
10479
What is the greatest common divisor of 33187 and 1719179?
77
What is the greatest common divisor of 913 and 36596692?
913
Calculate the greatest common factor of 1603750072 and 8.
8
What is the highest common divisor of 10650 and 4910715?
1065
What is the highest common factor of 110 and 8570150?
10
What is the highest common divisor of 3891896 and 67469?
3551
What is the highest common divisor of 16689616 and 232?
232
Calculate the highest common factor of 976 and 12279300.
244
What is the highest common factor of 357 and 1493544?
3
What is the greatest common divisor of 36 and 27196029?
9
Calculate the highest common factor of 1163412 and 3740.
68
What is the highest common factor of 31274629 and 31?
31
Calculate the highest common factor of 445195 and 503120.
1655
What is the greatest common divisor of 828 and 400552728?
276
Calculate the highest common factor of 213548 and 2.
2
Calculate the greatest common factor of 110 and 53516815.
55
Calculate the highest common factor of 36 and 29415840.
12
Calculate the highest common divisor of 2055 and 128853295.
685
Calculate the highest common divisor of 20734288 and 6851.
527
What is the highest common factor of 5284633 and 5038?
229
What is the highest common factor of 256 and 854472320?
128
What is the highest common divisor of 130 and 51906550?
10
Calculate the greatest common factor of 3088 and 21611368.
1544
What is the greatest common divisor of 1015620 and 1420?
20
What is the highest common factor of 29 and 18321533?
29
What is the highest common factor of 56025 and 1458825?
75
Calculate the greatest common factor of 6804 and 3816684.
36
What is the highest common divisor of 137158923 and 66?
33
What is the greatest common factor of 1913994 and 18080?
226
Calculate the greatest common factor of 751536 and 1584.
144
What is the highest common factor of 210386802 and 354?
354
Calculate the highest common factor of 176683 and 5031.
13
What is the greatest common divisor of 6835801 and 80237?
1957
Calculate the highest common divisor of 1678274 and 884.
442
What is the highest common factor of 530 and 18885620?
10
What is the greatest common factor of 678442 and 114291?
83
Calculate the highest common divisor of 10532064 and 4800.
96
What is the highest common divisor of 35906758 and 1537?
53
What is the greatest common divisor of 1749208 and 88?
8
What is the highest common factor of 127041 and 1424481?
2703
What is the greatest common factor of 4136 and 68967048?
376
What is the greatest common factor of 46 and 80474?
2
Calculate the highest common factor of 75 and 15493350.
75
Calculate the greatest common divisor of 527634 and 28350.
162
Calculate the highest common divisor of 4217240 and 35263.
179
What is the greatest common divisor of 6669 and 51740?
13
What is the highest common divisor of 41075 and 3850200?
775
What is the greatest common factor of 1395 and 904088061?
279
Calculate the highest common divisor of 784 and 154653016.
392
Calculate the greatest common factor of 1304 and 1198168.
8
Calculate the greatest common factor of 785946 and 357.
21
What is the greatest common factor of 139869842 and 1554?
518
Calculate the greatest common factor of 298744 and 1040.
8
What is the highest common factor of 405448954 and 9070?
1814
What is the highest common divisor of 4152742 and 87?
29
Calculate the greatest common factor of 1024345 and 1969251.
4181
What is the greatest common divisor of 51234661 and 62?
31
Calculate the greatest common factor of 4550 and 5738915.
455
Calculate the greatest common factor of 182 and 19762730.
26
Calculate the highest common factor of 213714 and 143242.
766
What is the greatest common divisor of 166 and 1231254?
2
Calculate the greatest common divisor of 340816487 and 803.
803
What is the highest common factor of 3044856 and 2233832?
2344
Calculate the highest common divisor of 9384672 and 1056.
1056
Calculate the greatest common factor of 32788 and 121554484.
4684
What is the greatest common divisor of 3644 and 125636921?
911
Calculate the greatest common factor of 1798228545 and 1413.
471
What is the greatest common divisor of 144 and 217516944?
48
Calculate the highest common factor of 2058063 and 27048.
483
What is the greatest common factor of 196232814 and 162?
54
What is the greatest common factor of 130459 and 1953?
7
What is the greatest common factor of 5086004 and 7084?
308
Calculate the greatest common factor of 1717 and 109181.
101
Calculate the highest common divisor of 1060 and 2193670.
530
What is the highest common divisor of 4 and 3465173?
1
What is the highest common factor of 931831589 and 36452?
9113
Calculate the greatest common divisor of 86609 and 7056706.
257
What is the greatest common divisor of 39264664 and 712?
712
What is the highest common factor of 42 and 27726?
6
Calculate the greatest common divisor of 195542141 and 31.
31
Calculate the greatest common factor of 12 and 10839500.
4
Calculate the highest common factor of 13584720 and 234876.
6348
Calculate the highest common divisor of 153522693 and 3735.
747
Calculate the highest common divisor of 6288 and 6848156.
524
Calculate the highest common divisor of 2646395 and 2465.
145
Calculate the highest common factor of 16902 and 12.
6
What is the highest common divisor of 6987 and 114?
3
What is the highest common factor of 46700109 and 171?
9
Calculate the highest common factor of 1059503 and 5.
1
What is the highest common factor of 13936 and 184368054?
1742
Calculate the greatest common factor of 55 and 209583495.
55
What is the greatest common factor of 14092 and 151138?
26
What is the greatest common factor of 104800 and 46550?
50
Calculate the greatest common divisor of 1242 and 3253905.
27
What is the highest common factor of 122368 and 30?
2
Calculate the highest common factor of 568520092 and 196.
28
What is the highest common divisor of 150 and 180223350?
150
What is the highest common divisor of 142927750 and 20?
10
Calculate the greatest common factor of 24755633 and 1519.
49
Calculate the highest common divisor of 11504250 and 28125.
1125
What is the highest common divisor of 169872 and 1304?
8
Calculate the greatest common divisor of 2970324 and 40068.
756
Calculate the highest common divisor of 77243052 and 292.
292
Calculate the greatest common factor of 2346 and 359559.
69
What is the greatest common divisor of 132645 and 47360?
185
Calculate the greatest common factor of 287246 and 3842.
226
Calculate the highest common factor of 167022 and 1009746.
162
Calculate the greatest common factor of 81896 and 3016.
232
What is the highest common divisor of 44351583 and 52848?
1101
Calculate the greatest common factor of 36753415 and 1708.
61
Calculate the greatest common divisor of 442728 and 7025512.
4472
What is the greatest common divisor of 836359264 and 416?
416
What is the greatest common factor of 225693 and 899847?
117
What is the highest common factor of 123 and 90894581?
41
Calculate the greatest common divisor of 832 and 4818112.
832
What is the highest common factor of 6424 and 3733147?
803
Calculate the highest common factor of 244783 and 564417.
2023
What is the highest common factor of 63 and 5422431?
21
What is the highest common factor of 31175105 and 247?
247
What is the greatest common factor of 48 and 27308248?
8
Calculate the highest